hat is (1 - 1) + (-16 + 2 - (2 + -29 + 0))?
13
What is 19 - (-30 - -11 - (-94 - (43 + -22)))?
-77
What is 9 - 5 - (-7 - 2 - 22)?
35
(-20 - (17 + -61)) + -68
-44
What is the value of (23 + (10 - (34 - 9)) - -9) + -3?
14
(-271 + 252 - -9) + 95 + 0
85
What is the value of (19 - (13 + (-11 - -31))) + 70?
56
What is the value of -48 - (15 + 123 + -280)?
94
Evaluate -3 + -3 + -4 - ((0 + -9 - -6) + -5).
-2
Evaluate -3 - ((-15 - 18) + -30).
60
What is (-14 - -3) + 4 - (18 + -6 + 16)?
-35
Evaluate ((10 - -27) + -38 - -10) + (0 - 67).
-58
Calculate -4 + -3 + 1 - (-18 - 9 - -6).
15
12 - (11 - (-6 + 10 + -7 + 7)) - -46
51
Evaluate 11 - (28 + -2 - (-228 + 182)).
-61
Calculate 32 - -3 - 41 - (-2 + 20) - 9.
-33
What is 6 + (8 + -18 - 5) + 16 + -47?
-40
Calculate -1 - (-10 + 19 + (5 - 0) + 13 + 91).
-119
What is 12 + (10 - (-14 - (9 + -30)))?
15
What is 96 - (1 + -2 + 2 - -1 - (-1628 + 1641))?
107
70 + -65 - -3 - 67
-59
Calculate (1 - (-20 - -35)) + 7 + 5 + (69 - 0).
67
What is the value of (0 - -3) + (-9 - ((4 + 21 - 8) + 7))?
-30
What is the value of 44 - (3 + -17 + -7 + 36)?
29
What is the value of -16 + -78 + 82 + 42?
30
What is 68 + (9 - (-18 - -22)) + (5 - 5)?
73
What is the value of 148 + (34 - 114) - 46?
22
What is the value of (2 - -1) + ((-7 - -7) + 9 - 19) + -39?
-46
Evaluate -4 - 39 - (-3 + 13 + -11).
-42
Calculate -408 + 420 + (2 - -1 - 9) - -5.
11
Calculate -28 - -7 - (-1741 + 1643).
77
Evaluate (-61 - -207) + -154 - -26.
18
Calculate 19 - (20 + 18 + 2 + (1 - -3)).
-25
Calculate -146 - -178 - (8 + 61).
-37
(4 - 58) + (-58 - (-13 + -19))
-80
What is the value of 25 + (25 - (59 - 15 - 14))?
20
What is -52 - -8 - (255 - 334)?
35
Calculate 0 + 19 + -56 + -25 + 14.
-48
What is the value of 116 - (6 + 35) - 14?
61
What is (-10 - -19) + 18 + -2?
25
Evaluate -40 - ((58 - 55 - (-1 + -7)) + -12).
-39
-4 - (-2 - 1) - ((-45 - 65) + 69)
40
Calculate (27 - (-9 + (-20 - -34))) + (2 - 9).
15
(77 - -37) + -154 + 9
-31
717 + -688 - (2 + 1)
26
(-68 + 84 - 27) + -1 + -2 - -28
14
What is the value of (3 - (-47 - -14 - 27)) + -5 + 15?
73
What is 120 + (-4 - (28 - -5 - 37))?
120
Evaluate -5 - -20 - (22 + -13 - 32).
38
What is (-15461 - -15402) + (-2 - (-1 + -1) - -13) + 2?
-44
What is the value of -1 + 133 - (-16402 - -16420)?
114
What is (-29 - (24 - 18)) + 23 - 25?
-37
(0 - -38) + (142 - (249 - 129))
60
What is the value of (17 + -14 + 17 - (-12 - (2 - 8))) + 3?
29
Calculate -31 + -5 + (-16 - (-14 - -11)) + 9.
-40
-87 + 38 + 9 - 4
-44
What is the value of (-8 - 7 - (-1 - (-2 + 5))) + -23 + -11?
-45
Evaluate (44 - 9) + -38 + 4 + 16.
17
What is (-18 - (-16 + 25)) + -4 + 7?
-24
(-59 - 1) + (-66 - (75 - 62 - 78))
-61
(-91 - -113) + -56 - (1 - -1)
-36
Calculate 2 - (1 - 33) - (46 + -3 + (-55 - -17)).
29
What is (126 - 119 - (51 - (-1 + -4))) + (1 - -8)?
-40
(4 - -3) + -9 - (42 - 104)
60
What is (-1 - -5) + 6 + 3 + -1 + (843 - 719)?
136
What is 5 - (-16 - (8 + -21) - (7 - -17))?
32
Evaluate 18 + -2 + -1 - (172 - (38 + 50 + -39)).
-108
(-1 - -1) + -45 + -48688 + 48672
-61
Evaluate -19 - 77 - (9 - (0 + 10)).
-95
What is 38 - (16 - -6) - 32 - -10?
-6
What is the value of (-3 - (14 - -9)) + (2 - -37)?
13
What is the value of -47 + (-51 + 7 - -191)?
100
What is -229 + 180 - (4 - 96)?
43
What is -237 - -253 - (-118 - -2 - -8)?
124
(5 - (-7 + (17 - 7))) + 60 + (-1 - -8)
69
What is the value of -13 - (25 + 48 + -38 + -50)?
2
What is the value of -4 - (5 + 1 - -4) - (-150 - -147)?
-11
What is the value of (3 + -11 - (-36 - -18)) + -8 - (-4 - -4)?
2
What is -25 + -16 - (11 - (4 + -4 + 9))?
-43
Evaluate (42 - 3) + -21 + (-38 + 43 - (-18 - 0)).
41
What is (1 - -5) + 1 + (-165 - (131 - 279))?
-10
Calculate 14 - (-49 + 20 + 21 - -84).
-62
(-54 - -91) + 19 + (-3 - (9 - -15))
29
Evaluate (4 - (-14 + 0)) + (248 - 254).
12
(-53 - -1) + (-834 - -851) - -5
-30
52 - ((-8 - -76) + -36)
20
What is the value of -22 + 44 - 22 - (3 - 6 - -31)?
-28
Calculate -105 + (113 - 45 - 17).
-54
Evaluate (-85 - -74) + 5 + 1 + (4 - 1 - -78).
76
What is -3 - 63 - (339 + -381)?
-24
Evaluate -5 + 10 - (-10 - 16 - -68 - 67).
30
Calculate -11 + 27 + -63 - -26 - -41.
20
-61 + 89 + -130 - -87
-15
Evaluate -9 + (-236 - -234) + (4 - (-3 + -2 + -1)).
-1
What is -756 + 734 - (6 + -1 - (2 + -18))?
-43
11 + (-50 - (-3 + 9) - 5) + 10
-40
Evaluate (-4352 - -4227) + 1 + 43.
-81
What is -3 - 2 - (36 - -35)?
-76
What is 15 + 49 + 8 + -16 + (-3 - 3)?
50
Evaluate -1 + 4 - (-55 + (19 - (-6 - -17)) + 1).
49
What is 491 - 612 - (-72 - -45)?
-94
What is the value of -17 + -86 + (18 - (-8 + 19 + -5))?
-91
Evaluate -100 - (-52 + (-67 - -94)).
-75
71 + (-26 - 38) + 63
70
Calculate -27 + (-4 - 2) - (2 + -12 + 26).
-49
318 + -237 + -61 + (0 - (-83 + 0))
103
What is the value of (-5 - 0) + (-412 - -415) + -20?
-22
What is -11 + 15 + (-2 - -23) + 3?
28
Calculate (-19 - 5 - -21) + 48 - 11.
34
Calculate -8 - -93 - 121 - -155.
119
29 - (-13 - (6 + -1))
47
130 - (2 - -1 - -1 - (63 + -78 + 23))
134
Evaluate 1 + (28 - 13) + 10 + -17 + 19.
28
Evaluate -53 - -104 - (20 - -83).
-52
Evaluate -5 + (11 - -9) + (3 - -2) - (112 - 116).
24
What is 83 + -69 + 91 - 19?
86
10 + (4 - (-40 - -98))
-44
Evaluate 119 + 1 - (-2258 + 2268).
110
Evaluate -133 + 44 + -8 + -2 + 26.
-73
What is the value of (-18 - -30) + (3 - 5) - -26 - -6?
42
What is 39 + 11 + -34 + 6?
22
Evaluate 465 + -444 - (-2 + 56 + 3).
-36
What is -17 + -32 - -46 - (1 + -2) - (2 + -80)?
76
-23 + (-19 - -3) + 27 - (-23 - 0)
11
What is 6 - (-3 + 9 - (-3 + 4 + -45 + 2))?
-42
What is the value of 2 + 0 + 182 + -177 + -17 - (0 - 4)?
-6
Calculate (-61 + 28 - -65) + (18 - 2).
48
What is the value of -44 + (96 - (0 + 48))?
4
What is the value of -54 + (-9 - -8 - (-3 + 0)) + -3?
-55
Evaluate -62 - (8 + (71 - 87)).
-54
Evaluate 92 + -27 - (10 - ((-4 - 1) + 3)).
53
What is the value of 21 + 0 - -1 - (225 - 155)?
-48
What is the value of -20 + (57 - 130) - -12?
-81
What is the value of 0 - (-1 - -13) - (61 - (-76 + 156))?
7
What is -14 + (-11 + 8 - (12 + -24))?
-5
Calculate (-23 - (0 - 1)) + (38 - -2 - 43).
-25
-6 + -3 + (1 - -7) + 30
29
Calculate -24 - (-21 + 23 + (-35 - -25)).
-16
What is 202 + -209 - (-73 - (-4 + 4))?
66
What is the value of (-13 - -1 - (11 + -21)) + (-15 - -8)?
-9
Calculate -4 + 1 - (7 + (56 - 36)).
-30
What is 616 + -629 - (-1 + -3 + (3 - -2) + 82)?
-96
What is -23 + 14 + 34 + -12 - 56?
-43
What is the value of (-20 - -29) + (-4 - (-11 + 2)) + (56 - 6)?
64
Calculate 2 + 2 + (-2 + 1 - (10 + -2)).
-5
What is the value of -47 + (18 - 6 - 11 - 19)?
-65
What is 24 - (-5 + (48 - 15))?
-4
Evaluate (-17 - -8) + 27 - (-7 + -1 + 5).
21
What is (24 - (2 + (-23 - -27))) + -5?
13
What is 25 + 0 - (4 + (1 + 3 - 9) + -8)?
34
Evaluate -20 + 61 + (-1 - -1).
41
What is (15 + (-45 - -2) - 22) + (0 - (3 + 1))?
-54
Calculate (0 + -4 - -6) + -455 + 426.
-27
Evaluate -18 + -8 + 18 + 74 + (18 - 7).
77
What is -39 - -21 - -11 - (11 + -10 + -120 - -4)?
108
Evaluate (38 - 22 - 2) + -86.
-72
What is the value of (-581 - -569) + (1 - 4) + -75?
-90
What is the value of -98 + -20 + -25 + 23 - -21?
-99
What is the value of -24 + -57 + 68 + 46?
33
8 + (99 - 57) + 2 + -4
48
What is -2102 - -2075 - (30 - (-1 - -2))?
-56
(34 - (30 - -2) - 4) + 32
30
What is the value of (-1 - (3 + -2)) + (-6 - 0 - 3)?
-11
Evaluate -14 - ((25 - 39) + 56).
-56
Calculate -30 + (16 - -25) - (-4 + (1 - 74) + 2).
86
What is the value of (7 - 29) + 4 - (4 - 86)?
64
What is the value of (-1 + -2 + -11 - -3) + 100 + -49 + -14?
26
What is -14 - 1 - 0 - (6 - (4 - 3))?
-20
Calculate -2 + (-4 + 3 - -1) + 1 - (-1931 - -1838).
92
Calculate 16 - -4 - (-12 - (-2 + (8 - 8)) - -12).
18
What is the value of 8 + -1 + 1 - (-9 + (10 - -67))?
-60
82 + -163 + (-14 - -83)
-12
What is the value of -73 + 0 + (-699 - -694) - (-2 + (2 - 5))?
-73
What is the value of 140 + 1 + (25 - (69 + -30))?
127
(58 - (2 - -52)) + -8
-4
What is the value of -28 + -20 + 119 + -7?
64
What is 8 + -11 - (-5 + 2 + (-54 - 3) + 9)?
48
Calculate -3 - (16 + -28 + 21 + 53).
-65
Calculate -6 - -1 - (-21 + (-20 + 27 - 18) + -15).
42
What is the value of 27 + 74 + -85 + -1 + -19 - (0 - 5)?
1
Evaluate 13 - ((10 - (-11 - -17)) + -6 + (4 - -2)).
9
(-1 - 18 - (-7 - (21 - 9) - -18)) + -11
-29
What is 4 + (-43 - ((-31 + 17 - (1 + -7)) + 9))?
-40
Evaluate -16 + (9 - (6 + (47 - (-2 - -11)))).
-5